{"id":829,"date":"2017-06-02T09:29:00","date_gmt":"2017-06-02T09:29:00","guid":{"rendered":"http:\/\/www.salgueiroefilhos.com\/site\/?page_id=829"},"modified":"2017-06-02T09:29:00","modified_gmt":"2017-06-02T09:29:00","slug":"ferro","status":"publish","type":"page","link":"https:\/\/www.salgueiroefilhos.com\/site\/aluguer-de-equipamento-sem-manobrador\/ferro\/","title":{"rendered":"Ferro"},"content":{"rendered":"<div class=\"product-list responsive list \"  data-ic_ajax_query='{&quot;post_type&quot;:&quot;al_product&quot;,&quot;tax_query&quot;:[{&quot;taxonomy&quot;:&quot;al_product-cat&quot;,&quot;field&quot;:&quot;term_id&quot;,&quot;terms&quot;:[&quot;29&quot;]}],&quot;posts_per_page&quot;:100,&quot;orderby&quot;:&quot;title&quot;,&quot;order&quot;:&quot;ASC&quot;,&quot;archive_template&quot;:&quot;list&quot;}'>\n\t<div class=\"archive-listing product-835 list publish no-price\">\n\t\t<a href=\"https:\/\/www.salgueiroefilhos.com\/site\/products\/simpedil-p42-2\/\"><span class=\"div-link\"><\/span><\/a>\n\t\t<div class=\"classic-list-image-wrapper\">\n\t\t\t<div class=\"pseudo\"><\/div>\n\t\t\t<img loading=\"lazy\" decoding=\"async\" width=\"160\" height=\"160\" src=\"https:\/\/www.salgueiroefilhos.com\/site\/wp-content\/uploads\/2013\/09\/simpedil_c42.jpg\" class=\"classic-list-image\" alt=\"Simpedil C42\" srcset=\"https:\/\/www.salgueiroefilhos.com\/site\/wp-content\/uploads\/2013\/09\/simpedil_c42.jpg 300w, https:\/\/www.salgueiroefilhos.com\/site\/wp-content\/uploads\/2013\/09\/simpedil_c42-150x150.jpg 150w, https:\/\/www.salgueiroefilhos.com\/site\/wp-content\/uploads\/2013\/09\/simpedil_c42-250x250.jpg 250w\" sizes=\"auto, (max-width: 160px) 100vw, 160px\" \/>\t\t\t<\/div>\n\t\t<div class=\"product-name\">Simpedil C42<\/div>\n\t\t<div class=\"product-short-descr\"><p>\n\t\tM\u00e1quina de Cortar Ferro. Trif\u00e1sica. Caracter\u00edsticas.\t\t<\/p><\/div>\n\t\t\t<\/div>\n\n\n\t<div class=\"archive-listing product-832 list publish no-price\">\n\t\t<a href=\"https:\/\/www.salgueiroefilhos.com\/site\/products\/simpedil-p42\/\"><span class=\"div-link\"><\/span><\/a>\n\t\t<div class=\"classic-list-image-wrapper\">\n\t\t\t<div class=\"pseudo\"><\/div>\n\t\t\t<img loading=\"lazy\" decoding=\"async\" width=\"160\" height=\"160\" src=\"https:\/\/www.salgueiroefilhos.com\/site\/wp-content\/uploads\/2013\/09\/simpedil_p42.jpg\" class=\"classic-list-image\" alt=\"Simpedil P42\" srcset=\"https:\/\/www.salgueiroefilhos.com\/site\/wp-content\/uploads\/2013\/09\/simpedil_p42.jpg 300w, https:\/\/www.salgueiroefilhos.com\/site\/wp-content\/uploads\/2013\/09\/simpedil_p42-150x150.jpg 150w, https:\/\/www.salgueiroefilhos.com\/site\/wp-content\/uploads\/2013\/09\/simpedil_p42-250x250.jpg 250w\" sizes=\"auto, (max-width: 160px) 100vw, 160px\" \/>\t\t\t<\/div>\n\t\t<div class=\"product-name\">Simpedil P42<\/div>\n\t\t<div class=\"product-short-descr\"><p>\n\t\tM\u00e1quina de Dobrar\u00a0Ferro. Trif\u00e1sica. Caracter\u00edsticas\t\t<\/p><\/div>\n\t\t\t<\/div>\n\n<div style=\"clear:both\"><\/div><\/div>\n","protected":false},"excerpt":{"rendered":"<p> <a class=\"continue-reading-link\" href=\"https:\/\/www.salgueiroefilhos.com\/site\/products\/simpedil-p42\/\">Continuar a ler<\/a><\/p>\n","protected":false},"author":4,"featured_media":0,"parent":34,"menu_order":0,"comment_status":"closed","ping_status":"closed","template":"","meta":{"footnotes":""},"class_list":["post-829","page","type-page","status-publish","hentry"],"_links":{"self":[{"href":"https:\/\/www.salgueiroefilhos.com\/site\/wp-json\/wp\/v2\/pages\/829","targetHints":{"allow":["GET"]}}],"collection":[{"href":"https:\/\/www.salgueiroefilhos.com\/site\/wp-json\/wp\/v2\/pages"}],"about":[{"href":"https:\/\/www.salgueiroefilhos.com\/site\/wp-json\/wp\/v2\/types\/page"}],"author":[{"embeddable":true,"href":"https:\/\/www.salgueiroefilhos.com\/site\/wp-json\/wp\/v2\/users\/4"}],"replies":[{"embeddable":true,"href":"https:\/\/www.salgueiroefilhos.com\/site\/wp-json\/wp\/v2\/comments?post=829"}],"version-history":[{"count":1,"href":"https:\/\/www.salgueiroefilhos.com\/site\/wp-json\/wp\/v2\/pages\/829\/revisions"}],"predecessor-version":[{"id":830,"href":"https:\/\/www.salgueiroefilhos.com\/site\/wp-json\/wp\/v2\/pages\/829\/revisions\/830"}],"up":[{"embeddable":true,"href":"https:\/\/www.salgueiroefilhos.com\/site\/wp-json\/wp\/v2\/pages\/34"}],"wp:attachment":[{"href":"https:\/\/www.salgueiroefilhos.com\/site\/wp-json\/wp\/v2\/media?parent=829"}],"curies":[{"name":"wp","href":"https:\/\/api.w.org\/{rel}","templated":true}]}}