{"id":464,"date":"2013-09-03T09:34:28","date_gmt":"2013-09-03T09:34:28","guid":{"rendered":"http:\/\/www.salgueiroefilhos.com\/site\/?page_id=464"},"modified":"2017-09-21T10:58:48","modified_gmt":"2017-09-21T10:58:48","slug":"empresa","status":"publish","type":"page","link":"https:\/\/www.salgueiroefilhos.com\/site\/","title":{"rendered":"Empresa"},"content":{"rendered":"<p><img loading=\"lazy\" decoding=\"async\" class=\"alignright size-medium wp-image-287\" src=\"http:\/\/www.salgueiroefilhos.com\/site\/wp-content\/uploads\/2013\/08\/rampa3-300x224.jpg\" alt=\"\" width=\"300\" height=\"224\" srcset=\"https:\/\/www.salgueiroefilhos.com\/site\/wp-content\/uploads\/2013\/08\/rampa3-300x224.jpg 300w, https:\/\/www.salgueiroefilhos.com\/site\/wp-content\/uploads\/2013\/08\/rampa3-200x150.jpg 200w, https:\/\/www.salgueiroefilhos.com\/site\/wp-content\/uploads\/2013\/08\/rampa3.jpg 559w\" sizes=\"auto, (max-width: 300px) 100vw, 300px\" \/>A empresa SALGUEIRO &amp; FILHOS, LDA \u00e9 uma empresa de constru\u00e7\u00e3o civil e obras p\u00fablicas, sendo a sua principal \u00e1rea de trabalho o aluguer de m\u00e1quinas com manobrador. No mercado desde de 2001 esta empresa efectua ainda outros servi\u00e7os:<\/p>\n<ul>\n<li>Aterros e desaterros;<\/li>\n<li>Escava\u00e7\u00f5es e demoli\u00e7\u00f5es;<\/li>\n<li>Trabalhos de desmonte com utiliza\u00e7\u00e3o de explosivos;<\/li>\n<li>Remo\u00e7\u00e3o de materiais contendo amianto de acordo com a legisla\u00e7\u00e3o em vigor<\/li>\n<li>\u00c1gua e Saneamento B\u00e1sico;<\/li>\n<li>Abertura e tapamento de vala com coloca\u00e7\u00e3o de tubagem;<\/li>\n<li>Calcetamentos<\/li>\n<li>Muros de Suporte em pedra<\/li>\n<li>Entre outros.<\/li>\n<\/ul>\n<p>Para a sua realiza\u00e7\u00e3o encontra-se devidamente credenciada com:<\/p>\n<ul>\n<li>Alvar\u00e1 de Constru\u00e7\u00e3o n\u00ba 51489<\/li>\n<li>Alvar\u00e1 de transportes n\u00ba 8488\/2002<\/li>\n<li>3 Colaboradores devidamente credenciados com c\u00e9dula de operador de substancias explosivas.<\/li>\n<\/ul>\n","protected":false},"excerpt":{"rendered":"<p>A empresa SALGUEIRO &amp; FILHOS, LDA \u00e9 uma empresa de constru\u00e7\u00e3o civil e obras p\u00fablicas, sendo a sua principal \u00e1rea de trabalho o aluguer de m\u00e1quinas com manobrador. No mercado desde de 2001 esta empresa efectua ainda outros servi\u00e7os: Aterros e desaterros; Escava\u00e7\u00f5es e demoli\u00e7\u00f5es; Trabalhos de desmonte com utiliza\u00e7\u00e3o\u2026 <a class=\"continue-reading-link\" href=\"https:\/\/www.salgueiroefilhos.com\/site\/\">Continuar a ler<\/a><\/p>\n","protected":false},"author":4,"featured_media":0,"parent":0,"menu_order":0,"comment_status":"closed","ping_status":"closed","template":"","meta":{"footnotes":""},"class_list":["post-464","page","type-page","status-publish","hentry"],"_links":{"self":[{"href":"https:\/\/www.salgueiroefilhos.com\/site\/wp-json\/wp\/v2\/pages\/464","targetHints":{"allow":["GET"]}}],"collection":[{"href":"https:\/\/www.salgueiroefilhos.com\/site\/wp-json\/wp\/v2\/pages"}],"about":[{"href":"https:\/\/www.salgueiroefilhos.com\/site\/wp-json\/wp\/v2\/types\/page"}],"author":[{"embeddable":true,"href":"https:\/\/www.salgueiroefilhos.com\/site\/wp-json\/wp\/v2\/users\/4"}],"replies":[{"embeddable":true,"href":"https:\/\/www.salgueiroefilhos.com\/site\/wp-json\/wp\/v2\/comments?post=464"}],"version-history":[{"count":10,"href":"https:\/\/www.salgueiroefilhos.com\/site\/wp-json\/wp\/v2\/pages\/464\/revisions"}],"predecessor-version":[{"id":859,"href":"https:\/\/www.salgueiroefilhos.com\/site\/wp-json\/wp\/v2\/pages\/464\/revisions\/859"}],"wp:attachment":[{"href":"https:\/\/www.salgueiroefilhos.com\/site\/wp-json\/wp\/v2\/media?parent=464"}],"curies":[{"name":"wp","href":"https:\/\/api.w.org\/{rel}","templated":true}]}}